 = c. What is the units digit of c?
4
Let p(c) = 3*c**2 - 7*c + 10. Let q be p(-3). Let i = 146 - q. What is the units digit of i?
8
Let n(c) = 2*c**2 - 3*c - 105. Let o be n(-39). Suppose 5*f = 4*z - 2812, 5*z - 4*f - 452 = o. What is the hundreds digit of z?
6
Let k = -276 - -422. Suppose -s + 2 = 15. Let u = s + k. What is the hundreds digit of u?
1
Let j be (1/(-8) + 9/72)*1. Suppose j = -18*i + 20*i - 8. Suppose -961 = -i*r - 2*c - 13, 729 = 3*r - 3*c. What is the tens digit of r?
3
Suppose 24914 = 24*i - 13553 - 82901. What is the units digit of i?
7
Let p(m) = -4*m - 11. Let a be p(-13). Let y = 41 - a. Suppose -4*w - w + 390 = y. What is the tens digit of w?
7
Suppose 0 = -2*f - 7*f + 13437. Let p = f - 1037. What is the units digit of p?
6
Let g(m) = m**3 + 15*m**2 - 3*m + 25. Let c be g(-14). Suppose c - 919 = -8*s. What is the units digit of s?
2
Let u = 38404 + -2382. What is the ten thousands digit of u?
3
Suppose 2*t + 2*i = 11370, -2*t + i + i + 11358 = 0. What is the hundreds digit of (11/((-165)/t))/((-4)/10)?
9
What is the hundreds digit of (-8)/(-10) - (-37281915)/825?
1
Suppose -9*w + 12 = 3*w. What is the hundreds digit of (30/w)/(3/44)?
4
Let p(q) = -7*q**3 - q. Let z be p(-1). What is the units digit of (20/z - 2)*78?
9
Suppose 0 = -17*p - 11 + 232. Let f(v) = -p - 16*v**2 + v + 19*v**2 - 5*v. What is the tens digit of f(7)?
0
Let m = -12730 - -18562. What is the tens digit of m?
3
Let a(z) = 5*z - 33. Let f(t) = -20 + 2*t + 31 - 4*t. Let v(m) = -3*a(m) - 8*f(m). What is the units digit of v(-8)?
3
Suppose -24734 = -16*l + 106210. What is the thousands digit of l?
8
Let r = -100 - 585. Let w = r + 1091. What is the hundreds digit of w?
4
Let u = -59 - -68. Suppose 5*l = 5, o - u*l + 4*l - 363 = 0. What is the tens digit of o?
6
Suppose 2*p + 545 - 77 = 0. Let f = 634 + p. What is the hundreds digit of -1*(f/20)/(2/(-12))?
1
Let x be (-5 - (0 + -1)) + -968 + -4. What is the units digit of x/(-12) + (-5)/((-30)/(-8))?
0
Let v(o) = 14*o**2 + 29*o + 92. Let h be v(18). Suppose -12*a - 3*n + h = -7*a, -a = -3*n - 1048. What is the hundreds digit of a?
0
Let g = -108877 + 188905. What is the units digit of g?
8
Let j be 6/(-4) - (-99)/6. Suppose -2*m - m - 11 = -2*s, -3*s = -3*m - j. Let p(y) = 33*y**2 - 3*y - 1. What is the tens digit of p(m)?
3
Let z(l) = 3*l**2 - 10*l. Let y be z(4). Suppose 21*w - 4251 = y*w. What is the units digit of w?
7
Suppose 4*w - 47136 = -2*s - 8076, 5*s = -3*w + 29274. What is the hundreds digit of w?
7
Let n(k) = k**3 - 9*k**2 - k + 1. Let a be n(10). Let j = a + -61. Suppose 0 = 34*u - j*u - 532. What is the units digit of u?
3
Suppose 0 = -4*y - 4*d + 98 - 22, -4*y + d + 86 = 0. Let s = 25 - y. Suppose -4*j + s = 0, -4*h + 5*j + 79 = -0*j. What is the tens digit of h?
2
Let z(g) = -5*g - 46. Suppose -v + 39 = 53. Let i be z(v). What is the units digit of (-39 - 1)*6/i*-2?
0
Let h(n) = n - 4. Let t be h(11). Suppose 35*k = -1036530 + 372930. What is the tens digit of (k/(-35))/6 - 2/t?
9
Let c(v) = -19*v + 6. Let w be c(-9). Let p(z) = 2*z - 2*z**2 + 176*z**3 - 2 - 1 - w*z**3. What is the tens digit of p(-4)?
2
Let a(m) = -8*m**3 + 8*m**2 + 43. Let v be a(-6). Let r = -1162 + v. What is the units digit of r?
7
Let f = 5830 + -5828. Let w = -4 + 7. Suppose 4*x = w*r + 630, -f*r + 308 = 2*x - 7*r. What is the units digit of x?
9
Let f(h) = h**3 - 2*h**2 + h + 6. Let r be f(3). Suppose r*s - 16*s - 860 = 0. Let q = -224 + s. What is the tens digit of q?
0
Suppose 0 = 61*g + 167420 - 34196. Let u = 4006 + g. What is the tens digit of u?
2
Let d = -28426 + 42416. What is the units digit of d?
0
Let d(u) be the first derivative of 65*u**3/3 - u**2/2 - 9*u - 19. What is the tens digit of d(3)?
7
Let o be (3666/(-12))/(-13)*10. Suppose 5*b + o = j + 94, 3*j + 5*b - 483 = 0. What is the tens digit of j?
5
Let y = -185 + 94. Let h = 662 - y. What is the tens digit of h?
5
Suppose 2*n = n - 5, 3*n + 35 = 2*l. Suppose 14*j - l*j = -64. What is the units digit of (0 - 27/(-2))*(-6 - j)?
5
Let a(v) = 3*v**2 + 3*v + 1. Let t be a(-2). Let k(x) = -4*x**2 - x + 3. Let l be k(t). Let f = -79 - l. What is the units digit of f?
1
Suppose 0 = 2*k - 2*r - 3 - 1, -5*k - 4*r = -1. Let f be (k/(-3))/(8/(-1104)). What is the tens digit of f*(2 - 1*2/2)?
4
Suppose 437*u + 271320 = 471*u. What is the thousands digit of u?
7
Let b = 8604 + 14009. What is the thousands digit of b?
2
Let n be 78/(-12)*(1 + (-21)/3). Let i(p) = -7*p + 3. Let u be i(3). What is the tens digit of (n/9)/((-2)/u)?
3
Let m(k) = 89*k - 27. Let t = 153 + -152. What is the tens digit of m(t)?
6
Suppose 2*g + 13 = 5*d, 4*g + 8 = 5*d - 3. Suppose -d*q + 149 - 722 = 0. Let m = 267 + q. What is the units digit of m?
6
Suppose -33*j - 21 = -186. Suppose 9*v - 516 = 5*v + 4*k, 0 = j*k. What is the hundreds digit of v?
1
Suppose -5311 = -2*s + 27053. What is the ten thousands digit of s?
1
Let a = -392 + 401. What is the units digit of 1/5 - ((-556)/20 + a)?
9
Let y be 12 + 24/3 + -11. Suppose -y*a - 1853 = -11555. What is the thousands digit of a?
1
Suppose -4*v + 0*v - 6*x + 200984 = 0, 2 = x. What is the hundreds digit of v?
2
Suppose -2*a - 2*q = 2*q + 42, 4*q = 20. Suppose 0 = 3*x + 96 - 21. Let z = x - a. What is the units digit of z?
6
What is the units digit of 195/80*20/15*4468?
1
Let s = 168 + -165. Suppose 4*o + 5199 = 5*a, -s*a - 42 + 3162 = -3*o. What is the hundreds digit of a?
0
Let p = 16455 - 16394. Suppose -1140 = -4*l - 0*l. Let y = l - p. What is the tens digit of y?
2
Suppose -8*a - 1955 + 61651 = -159752. What is the units digit of a?
1
Let y = -17123 - -27427. What is the thousands digit of y?
0
Let a be ((-6106)/215)/(8/10)*40. Let y be (-4*5)/(-2)*2. What is the units digit of ((-12)/y)/(-1 - 1416/a)?
3
Suppose -u - 1 = -3. Suppose 0 = -r + 2*g - g - 7, -5*r + u*g - 20 = 0. Let m = 71 + r. What is the tens digit of m?
6
Let z = -266 + 269. Suppose 0 = z*y - 2099 - 1132. What is the thousands digit of y?
1
What is the hundreds digit of 10/(50/(-45)) - 63/(-7) - -20216?
2
Let b = 81 + -114. Let g be (15/(-2))/((-11)/b)*-10. Suppose 288 + g = 9*a. What is the tens digit of a?
5
Let j(h) = 649*h - 4554. What is the units digit of j(62)?
4
Let z(w) = -150*w + 57. Let i be (-165)/(-385) + 62/(-14). What is the hundreds digit of z(i)?
6
Let i be -6 + (-7)/((-42)/54). Let y(p) = 154*p + 2. What is the hundreds digit of y(i)?
4
Suppose 5*o + 225 = 4*x, -3*x - 48 + 138 = -2*o. What is the hundreds digit of 13/((o/657)/(-5))?
9
Suppose -r + 688 - 43 = 0. Suppose -2*p = j - r, -5*p = -2*j - 1228 - 398. What is the tens digit of p?
2
Let y(c) = c**2 - 3*c - 8. Let r(n) = 5*n**3 + 3*n + 3*n**2 + 0 + 6*n**3 - 9*n**3 + 3. Let x be r(-2). What is the tens digit of y(x)?
6
Let u = 2601 + 2640. What is the units digit of u?
1
Suppose 65*k - 12336 - 104527 = 7677. What is the units digit of k?
6
Let s = -1099 + 492. Let c = s - -865. What is the tens digit of c?
5
What is the tens digit of ((-722267)/6)/(-13) - 49/(-294)?
6
Let z(k) = 5502*k**3 + 7*k**2 + 60*k - 126. What is the thousands digit of z(2)?
4
Let n = -3541 + 8423. What is the thousands digit of n?
4
Suppose 4*h - 6 = -14. Let u(c) = c**3 - 3*c**2 + 1. Let y be u(2). What is the tens digit of h - (0 - (96 - y))?
9
Suppose -2*n + 3*b + b - 364 = 0, -n - b = 194. Let k = n + 319. Suppose 0 = 5*s - k + 9. What is the tens digit of s?
2
Let m(q) = -4*q**2 - 4*q + 4357. Let u be m(0). Let c = u + -2909. What is the hundreds digit of c?
4
Let f be (36/7)/(-1 + 14835/14805). What is the hundreds digit of 47 + -45 - (2 - f/2)?
2
Let p(n) = 8*n**3 - 11*n**2 + 6*n - 22. Let j(w) = 17*w**3 - 23*w**2 + 13*w - 46. Let k(o) = 6*j(o) - 13*p(o). What is the hundreds digit of k(-5)?
3
What is the units digit of (-1)/(-5) + ((-54)/12)/(30/(-128672))?
1
Let z(r) be the first derivative of -r**4/2 - 8*r**3/3 + 11*r**2 - 24*r + 143. What is the tens digit of z(-10)?
5
Suppose -9*w - 23 + 131 = 0. Let p be (0/(-2))/(w/(-6)). Suppose p = -4*b + 105 + 267. What is the tens digit of b?
9
Suppose 5*p - 1606 = 9. Suppose -4*m + 61 = -p. Suppose 18 + m = 3*b. What is the tens digit of b?
3
Let k(g) = 11*g**2 + 9*g - 13. What is the units digit of k(9)?
9
Let v = 98 - 10. Suppose -250 = -9*k - v. What is the tens d